digit of o?
9
Suppose m = 3*f + 385, -7*f = -4*m - 2*f + 1554. Let v = m + -172. What is the tens digit of v?
1
Suppose -4580*t + 4570*t = -302340. What is the units digit of t?
4
Let l(d) = 6*d + 2. Let s(c) = -c**3 + 11*c**2 + c - 8. Let j be s(11). Suppose -p = -2*o - 17 - 2, 4*p + j*o = 21. What is the units digit of l(p)?
6
Let m = 17171 - -23552. What is the thousands digit of m?
0
Suppose 14*j - 966881 = -67*j + 2*j. What is the tens digit of j?
3
Let a be 14/4 + (-40)/16. Let y = 5 - a. Suppose 414 = 5*f + c, -4*c + c + 340 = y*f. What is the tens digit of f?
8
Let r = -5 + 5. Let m be ((-1 - 0)*r)/2. Suppose -3*u + 4*h = h - 234, m = 4*u - h - 306. What is the tens digit of u?
7
Suppose -4*m = 2*g - 10, 5*m - 37 + 12 = -5*g. Suppose -2*h + 5*a = a - 1094, -g*a + 1058 = 2*h. What is the units digit of h?
9
Suppose -77*z + 426*z - 15014526 = -3982985. What is the ten thousands digit of z?
3
What is the ten thousands digit of 775922/70 + 33 - 2/(-5)?
1
Let c be (21/4)/((-6)/16). Let m(q) = q**3 + 15*q**2 + 8*q - 21. What is the units digit of m(c)?
3
Let k be (-135)/(-30) + (-6)/4. Suppose k*d + 20 - 17 = 0. What is the tens digit of 4 - 134*d - 4?
3
Let k(d) = -d**2 + 356*d + 4253. What is the thousands digit of k(164)?
5
Let j = -107 + -43. Let k = j - -271. What is the tens digit of k?
2
Let u = 2990 - 1930. Suppose -7*b = -9*b + u. What is the hundreds digit of b?
5
Let g = 3148 - 1059. What is the thousands digit of g?
2
Suppose 0 = -16*j + 52893 + 310044 + 36759. What is the thousands digit of j?
4
Suppose 85*a + 77*a - 2507085 = 27*a. What is the ten thousands digit of a?
1
Suppose 3*g = 4*y + 22572, -g = -15*y + 16*y - 7510. What is the thousands digit of g?
7
Let p = -86 + 88. Suppose -2*r + 0*r - p = 0. Let u(i) = -193*i**3 - i**2 - i - 1. What is the hundreds digit of u(r)?
1
Suppose 4*w = 4*y - 8, 10*w - 3*y = 5*w. What is the hundreds digit of (-1 + w)/((-1768)/1772 - -1)?
8
Suppose -4*c - m + 10 = 2*m, 0 = 2*c - 2*m - 12. Let a be (0/3 + -2)*(-2)/c. Suppose -3*z + 2*j + j = -210, a = -j. What is the tens digit of z?
6
Suppose 0 = -5*o + r + 11368, 5*o + r = -3*r + 11353. Suppose -13*c + 4591 = -o. What is the tens digit of c?
2
Suppose -3*m + 6*m + 39 = 0. Let f(h) = h**3 + 13*h**2 - h - 11. Let v be f(m). Suppose -2*x - y + 8 = -187, -v*y - 402 = -4*x. What is the tens digit of x?
9
Suppose 0 = -d + 2. Suppose -3*u + 36 = -3*x, 0 = 5*u + d*x - 74. Let q = u - -14. What is the tens digit of q?
2
Let v(k) = 40*k**2 - 237*k - 22. What is the units digit of v(21)?
1
Let q(g) = -g + 1. Let r(o) = 13*o - 2. Let l(z) = 24*q(z) + 3*r(z). Let m be l(-14). Let s = -120 - m. What is the units digit of s?
2
Let s = 384 - 1700. Let q be s/35 + 4/(-10). What is the tens digit of -4 - -1 - (q - 6)?
4
Let n(c) = -32*c**3 + 24*c**2 + 22*c - 37. What is the thousands digit of n(-7)?
1
Suppose 453*x - 454*x + 8792 = 0. What is the tens digit of x?
9
Let y(z) = -2*z**3 + z**2 - 3*z + 29. Let b be y(6). Let i = 23 - b. Suppose -4*n + i + 568 = 0. What is the hundreds digit of n?
2
Let n(l) = -2*l**3 - 4*l**2 - l - 322. Let r(q) = -q**3 - q**2 - q - 1. Let s(i) = -n(i) + 3*r(i). What is the units digit of s(0)?
9
Let k(n) = 3*n - 74. Let w be k(23). Let a(v) = v**2 - 11*v - 21. What is the units digit of a(w)?
9
Suppose 8*g - 5*g + 12*g = 438720. What is the thousands digit of g?
9
Let g(m) = 3*m + 153. Let v = -279 - -255. What is the tens digit of g(v)?
8
Let d(p) = -3*p**2 - 1 + 11*p - 13 + 50*p**2 + 16 + 142*p**2. What is the hundreds digit of d(-3)?
6
Suppose -5*g + 2*f = 0, 7*g - 5*g = -5*f + 29. Suppose -3*t + 2 - 5 = 3*w, 0 = g*w. What is the tens digit of ((-96)/9)/t*(-66)/(-4)?
7
Let f be 227 + 6 - 5 - -3. Let k = f - -155. What is the units digit of k?
6
Suppose -36*s + 39*s - 21*s = -1602. What is the tens digit of s?
8
Let m be -1*(186/2 + 2). Let s = 5971 - 5951. Let u = s - m. What is the units digit of u?
5
Suppose 9*k + 14 = 10*k. Let t = k + -6. Suppose -3 + 659 = t*o. What is the tens digit of o?
8
Suppose 0 = 5*v + 10*g - 129970, 3 = 3*g + 24. What is the tens digit of v?
0
Let c be 12/9 + 55/33. Suppose -16 = c*r - 736. What is the hundreds digit of r?
2
Let n = 459 + 1417. Suppose -g = -2*b - n, -g + 3757 = g - 3*b. What is the hundreds digit of g?
8
Suppose 0 = -34*w + 38*w - 1056. Let a = w + -132. What is the units digit of a?
2
Suppose 5*w - 5*j - 6395 = 0, -4*w + 2*j + 7916 = 2796. What is the thousands digit of w?
1
Let a = 4 + 10. Suppose -2*t + a = -0*t + 2*i, -3*i - 11 = -t. What is the tens digit of ((-79)/(-4))/((-2)/t*-1)?
7
Let g = -4085 + 7949. What is the tens digit of g?
6
Suppose 42*x = 507 + 543. What is the tens digit of x?
2
Suppose 130*m + 4*o = 125*m + 59648, -2*m + 23858 = o. What is the ten thousands digit of m?
1
Let h be 65/13 - -17 - -2. Let d be 92 - (2 + -1)*0. Let i = d + h. What is the hundreds digit of i?
1
Let i = -110 - -107. Let h(j) = -j**3 - 4*j**2 - j + 8. Let o be h(i). Suppose l - 4*g - 5 = 20, g = o*l - 64. What is the tens digit of l?
3
Suppose 5*h - 53*g + 49*g - 77112 = 0, 3*g + 61688 = 4*h. What is the hundreds digit of h?
4
Let q be -2 + 2/2 + 3 + 0. Suppose -4*r - 2*v = -366, -363 = -6*r + q*r + v. What is the units digit of r?
1
What is the thousands digit of -2 - 17 - -13 - (-8286 + 0)?
8
Let c be (4 - 182)*-1 + 2. Suppose c = 2*n - 1070. Suppose 21*x = 16*x + n. What is the units digit of x?
5
Let o = 7421 - -9334. What is the tens digit of o?
5
Suppose -3*q + 20551 = -11*m + 13*m, 3*q = -3*m + 20547. What is the thousands digit of q?
6
What is the units digit of 596/(-6)*72/(-8)?
4
Suppose -2*r - 24 = -26. Let j be -179*(r + -2)*(-16 - -15). Let k = j + 338. What is the units digit of k?
9
Suppose -1449892 - 3415760 - 489285 = -189*a. What is the thousands digit of a?
8
Let b(n) = n**3 - 6*n**2 + 13*n + 7. Let q(l) = -l**3 - 11*l**2 + 26*l + 18. Let r be q(-13). Let d be (30/(-18))/((-5)/r). What is the tens digit of b(d)?
8
Suppose 171*j - 3202752 = 59*j. What is the thousands digit of j?
8
Suppose -8104 = -2*y - 4*s, -124*s + 127*s + 4037 = y. What is the thousands digit of y?
4
What is the units digit of -6*(-14)/112 - (-321505)/20?
6
Let l(v) = -2*v**3 + 9*v**2 - 106*v - 879. What is the tens digit of l(-19)?
0
Suppose 103010 - 281513 = -23*q. What is the hundreds digit of q?
7
Suppose 3*x - 9 = 0, 11*x + 9 = 3*s + 14*x. Suppose s = -5*l, -9*a - 2*l - 2100 = -11*a. What is the tens digit of a?
5
Suppose 22*u - 200 - 20 = 0. Suppose -185 = -4*q - 5*v, u*q - 2*v - 190 = 5*q. What is the units digit of q?
0
Suppose -8*q - 44 = 36. Let z be 2/q + 1505/25. Suppose 3*o - z = -2*f + 39, -3*o - 225 = -4*f. What is the tens digit of f?
5
Let h(p) = -1684*p - 114. What is the tens digit of h(-4)?
2
Let s = 72 - -2213. What is the units digit of s?
5
Suppose 0 = 4*m + 3*f - 26, 6*f - 8*f = -m + 12. Suppose -12 = 4*i - 0*i, 5*r + m = 4*i. Let d = r + 43. What is the units digit of d?
9
Let o be 5298/21 - 8/28. What is the units digit of (-4 - 45/9) + o?
3
Let r be -1*(528/(-1))/3. Let m be ((-154)/4)/((-4)/(-8)). Let z = m + r. What is the tens digit of z?
9
Let o(f) = -f + 16. Let b be o(-14). Suppose 4103 = b*i - 19*i. What is the hundreds digit of i?
3
Let d(n) = n**3 + 30*n**2 + 38*n - 111. Let j be d(-28). Suppose 0 = 3*i + 2*o - 1247 + j, 4*i - 5*o - 1177 = 0. What is the tens digit of i?
8
What is the units digit of 22619 - -4*(-2)/((-28)/(-35))?
9
Let p(q) = -19*q**3 - 7 + 7*q**2 + 12*q**3 + 31*q**3 + q - 6*q**2. What is the hundreds digit of p(3)?
6
Suppose 2*w + 5*x + 1 + 1 = 0, -5*w - 3*x + 33 = 0. Suppose 1100 = 2*u + w*u. What is the hundreds digit of u?
1
Let k(h) = h**3 - 6*h**2 + h - 56. Let l be k(7). Let c(o) = 6*o + 281. What is the tens digit of c(l)?
8
Suppose 0 = 2*l + 2*w - 1047 + 265, 5*l - 2*w = 1983. Suppose 2*c + l = 3*c. What is the units digit of c?
5
Let r(p) = 12*p + 12. Suppose -3*y - 2 = v - 0, 2*y - 8 = 4*v. Suppose 12 + 35 = 3*o + 5*d, 3*o - 5*d - 7 = y. What is the tens digit of r(o)?
2
Suppose 6 = -4*m - 10, -4*l - 4*m = -80. Let u be (l/(-32))/((-2)/(-48)). What is the units digit of ((-40)/16)/(1/u)?
5
What is the thousands digit of 6/(48/(-56)) - (3 - 57155)?
7
Let l be (-10)/45 - 188/(-36). Suppose 5668 = 23*t - 10*t. Suppose 2*u - 228